he remainder when 10960 is divided by 24.
16
What is the remainder when 2429 is divided by 8?
5
What is the remainder when 334 is divided by 49?
40
Calculate the remainder when 2524 is divided by 262.
166
Calculate the remainder when 243658 is divided by 393.
391
What is the remainder when 88138 is divided by 56?
50
Calculate the remainder when 126456 is divided by 372.
348
Calculate the remainder when 1548 is divided by 257.
6
What is the remainder when 2661 is divided by 2601?
60
What is the remainder when 489487 is divided by 677?
16
What is the remainder when 26984 is divided by 103?
101
Calculate the remainder when 1407149 is divided by 75.
74
Calculate the remainder when 6843091 is divided by 331.
328
What is the remainder when 1101592 is divided by 275395?
12
Calculate the remainder when 568343 is divided by 18.
11
What is the remainder when 22645 is divided by 630?
595
Calculate the remainder when 7918 is divided by 36.
34
Calculate the remainder when 105865 is divided by 43.
42
What is the remainder when 97731 is divided by 1338?
57
Calculate the remainder when 58054 is divided by 82.
80
What is the remainder when 2184 is divided by 191?
83
What is the remainder when 16603 is divided by 1112?
1035
What is the remainder when 40559 is divided by 13515?
14
Calculate the remainder when 35836 is divided by 4461.
148
What is the remainder when 3147 is divided by 1560?
27
Calculate the remainder when 147331 is divided by 407.
404
What is the remainder when 163488 is divided by 89?
84
What is the remainder when 83781 is divided by 2395?
2351
Calculate the remainder when 474043 is divided by 169.
167
What is the remainder when 12193 is divided by 57?
52
Calculate the remainder when 490670 is divided by 516.
470
Calculate the remainder when 23015 is divided by 11486.
43
What is the remainder when 1184 is divided by 66?
62
What is the remainder when 50506 is divided by 234?
196
What is the remainder when 13855 is divided by 295?
285
What is the remainder when 35798 is divided by 2251?
2033
Calculate the remainder when 1219 is divided by 326.
241
What is the remainder when 975 is divided by 507?
468
Calculate the remainder when 2526 is divided by 2524.
2
Calculate the remainder when 330320 is divided by 2278.
10
Calculate the remainder when 1575 is divided by 394.
393
Calculate the remainder when 3198 is divided by 722.
310
Calculate the remainder when 5395 is divided by 103.
39
What is the remainder when 5674 is divided by 37?
13
What is the remainder when 34522 is divided by 6901?
17
Calculate the remainder when 8094 is divided by 98.
58
Calculate the remainder when 1916209 is divided by 265.
259
Calculate the remainder when 3081 is divided by 41.
6
What is the remainder when 151459 is divided by 50481?
16
What is the remainder when 11703 is divided by 26?
3
What is the remainder when 40888 is divided by 1420?
1128
What is the remainder when 61515 is divided by 676?
675
What is the remainder when 603574 is divided by 1124?
1110
Calculate the remainder when 5170 is divided by 161.
18
What is the remainder when 122811 is divided by 371?
10
Calculate the remainder when 3804 is divided by 173.
171
What is the remainder when 564759 is divided by 141182?
31
Calculate the remainder when 876149 is divided by 590.
589
Calculate the remainder when 1088 is divided by 22.
10
Calculate the remainder when 6766 is divided by 31.
8
What is the remainder when 10967 is divided by 10?
7
Calculate the remainder when 98601 is divided by 7584.
9
What is the remainder when 2890 is divided by 709?
54
What is the remainder when 9392 is divided by 58?
54
What is the remainder when 102179 is divided by 19?
16
Calculate the remainder when 3409 is divided by 57.
46
What is the remainder when 171048 is divided by 125?
48
Calculate the remainder when 24623 is divided by 228.
227
What is the remainder when 8800 is divided by 9?
7
Calculate the remainder when 5474 is divided by 238.
0
What is the remainder when 3319 is divided by 1066?
121
Calculate the remainder when 4449981 is divided by 33.
30
What is the remainder when 46144 is divided by 952?
448
What is the remainder when 1115333 is divided by 34?
31
Calculate the remainder when 24250 is divided by 77.
72
Calculate the remainder when 5338 is divided by 833.
340
Calculate the remainder when 2604 is divided by 2567.
37
Calculate the remainder when 9730 is divided by 221.
6
Calculate the remainder when 1071 is divided by 410.
251
What is the remainder when 21450 is divided by 395?
120
What is the remainder when 248688 is divided by 82886?
30
What is the remainder when 14619 is divided by 96?
27
What is the remainder when 60507 is divided by 62?
57
Calculate the remainder when 6548 is divided by 724.
32
What is the remainder when 18081 is divided by 369?
0
Calculate the remainder when 867 is divided by 54.
3
What is the remainder when 24955 is divided by 1132?
51
What is the remainder when 478702 is divided by 335?
322
Calculate the remainder when 2342 is divided by 293.
291
What is the remainder when 2701 is divided by 11?
6
Calculate the remainder when 8212 is divided by 316.
312
Calculate the remainder when 140155 is divided by 213.
1
Calculate the remainder when 21060 is divided by 10527.
6
What is the remainder when 52593 is divided by 122?
11
Calculate the remainder when 17971 is divided by 2559.
58
Calculate the remainder when 157241 is divided by 73.
72
What is the remainder when 13592 is divided by 228?
140
Calculate the remainder when 17989 is divided by 4492.
21
Calculate the remainder when 24775 is divided by 884.
23
Calculate the remainder when 110229 is divided by 55111.
7
What is the remainder when 1668 is divided by 239?
234
Calculate the remainder when 6983 is divided by 75.
8
Calculate the remainder when 41170 is divided by 219.
217
Calculate the remainder when 1869 is divided by 9.
6
What is the remainder when 275690 is divided by 1490?
40
What is the remainder when 3694 is divided by 884?
158
What is the remainder when 4729 is divided by 674?
11
Calculate the remainder when 53689 is divided by 943.
881
Calculate the remainder when 17679 is divided by 40.
39
What is the remainder when 485253 is divided by 37?
35
What is the remainder when 107762 is divided by 582?
92
Calculate the remainder when 15563 is divided by 15.
8
Calculate the remainder when 558 is divided by 130.
38
What is the remainder when 95316 is divided by 1288?
4
What is the remainder when 523984 is divided by 77?
76
What is the remainder when 1405719 is divided by 39?
3
What is the remainder when 4798 is divided by 31?
24
What is the remainder when 29616 is divided by 4927?
54
Calculate the remainder when 769162 is divided by 41.
2
Calculate the remainder when 180819 is divided by 120.
99
What is the remainder when 80700 is divided by 7?
4
What is the remainder when 3446 is divided by 204?
182
What is the remainder when 2407868 is divided by 13?
8
What is the remainder when 13097 is divided by 3260?
57
What is the remainder when 1468 is divided by 111?
25
What is the remainder when 23721 is divided by 58?
57
What is the remainder when 3834 is divided by 53?
18
Calculate the remainder when 4075 is divided by 136.
131
What is the remainder when 3111 is divided by 442?
17
What is the remainder when 8455 is divided by 14?
13
What is the remainder when 338013 is divided by 112?
109
Calculate the remainder when 177044 is divided by 681.
665
Calculate the remainder when 10689 is divided by 1722.
357
Calculate the remainder when 61808 is divided by 20601.
5
What is the remainder when 18399 is divided by 656?
31
What is the remainder when 3128 is divided by 121?
103
Calculate the remainder when 760279 is divided by 458.
457
What is the remainder when 39288 is divided by 255?
18
What is the remainder when 71010 is divided by 433?
431
What is the remainder when 26767 is divided by 1784?
7
Calculate the remainder when 55402 is divided by 27698.
6
Calculate the remainder when 2681069 is divided by 16.
13
Calculate the remainder when 203998 is divided by 17.
15
Calculate the remainder when 83916 is divided by 3107.
27
Calculate the remainder when 829844 is divided by 9.
8
Calculate the remainder when 4685 is divided by 290.
45
What is the remainder